{"id":155,"date":"2020-03-09T20:21:11","date_gmt":"2020-03-09T19:21:11","guid":{"rendered":"https:\/\/www.vivamedical.sk\/?page_id=155"},"modified":"2020-03-09T20:21:12","modified_gmt":"2020-03-09T19:21:12","slug":"jednorazove-pohare","status":"publish","type":"page","link":"https:\/\/www.vivamedical.sk\/?page_id=155","title":{"rendered":"Jednorazov\u00e9 poh\u00e1re"},"content":{"rendered":"\n<div class=\"wp-block-media-text alignwide is-vertically-aligned-top\"><figure class=\"wp-block-media-text__media\"><img loading=\"lazy\" decoding=\"async\" width=\"382\" height=\"359\" src=\"https:\/\/www.vivamedical.sk\/wp-content\/uploads\/2020\/03\/poh\u00e1r.jpg\" alt=\"\" class=\"wp-image-156\" srcset=\"https:\/\/www.vivamedical.sk\/wp-content\/uploads\/2020\/03\/poh\u00e1r.jpg 382w, https:\/\/www.vivamedical.sk\/wp-content\/uploads\/2020\/03\/poh\u00e1r-300x282.jpg 300w, https:\/\/www.vivamedical.sk\/wp-content\/uploads\/2020\/03\/poh\u00e1r-1x1.jpg 1w\" sizes=\"(max-width: 382px) 100vw, 382px\" \/><\/figure><div class=\"wp-block-media-text__content\">\n<p style=\"font-size:22px\"><strong>Jednorazov\u00e9 poh\u00e1re<\/strong><\/p>\n\n\n\n<p>Jednorazov\u00e9 poh\u00e1re s\u00fa vyroben\u00e9 z polypropyl\u00e9nu, ktor\u00fd im zabra\u0148uje l\u00e1ma\u0165 sa. S\u00fa 100% recyklovate\u013en\u00e9.<\/p>\n\n\n\n<p><strong>Objem : <\/strong>180cc<\/p>\n\n\n\n<p><strong>Farby : <\/strong>biele, tmavozelen\u00e9,modr\u00e9,\u017elt\u00e9,ru\u017eov\u00e9,oran\u017eov\u00e9, fialov\u00e9,stredne modr\u00e9,biele,bordov\u00e9,svetlozelen\u00e9<\/p>\n<\/div><\/div>\n","protected":false},"excerpt":{"rendered":"<p>Jednorazov\u00e9 poh\u00e1re Jednorazov\u00e9 poh\u00e1re s\u00fa vyroben\u00e9 z polypropyl\u00e9nu, ktor\u00fd im zabra\u0148uje l\u00e1ma\u0165 sa. S\u00fa 100% recyklovate\u013en\u00e9. Objem : 180cc Farby : biele, tmavozelen\u00e9,modr\u00e9,\u017elt\u00e9,ru\u017eov\u00e9,oran\u017eov\u00e9, fialov\u00e9,stredne modr\u00e9,biele,bordov\u00e9,svetlozelen\u00e9<\/p>\n","protected":false},"author":1,"featured_media":0,"parent":125,"menu_order":0,"comment_status":"closed","ping_status":"closed","template":"page-templates\/full-width.php","meta":{"_monsterinsights_skip_tracking":false,"_monsterinsights_sitenote_active":false,"_monsterinsights_sitenote_note":"","_monsterinsights_sitenote_category":0,"footnotes":""},"yoast_head":"<!-- This site is optimized with the Yoast SEO plugin v22.3 - https:\/\/yoast.com\/wordpress\/plugins\/seo\/ -->\n<title>Jednorazov\u00e9 poh\u00e1re - Viva Medical s. r. o.<\/title>\n<meta name=\"robots\" content=\"index, follow, max-snippet:-1, max-image-preview:large, max-video-preview:-1\" \/>\n<link rel=\"canonical\" href=\"https:\/\/www.vivamedical.sk\/?page_id=155\" \/>\n<meta property=\"og:locale\" content=\"sk_SK\" \/>\n<meta property=\"og:type\" content=\"article\" \/>\n<meta property=\"og:title\" content=\"Jednorazov\u00e9 poh\u00e1re - Viva Medical s. r. o.\" \/>\n<meta property=\"og:description\" content=\"Jednorazov\u00e9 poh\u00e1re Jednorazov\u00e9 poh\u00e1re s\u00fa vyroben\u00e9 z polypropyl\u00e9nu, ktor\u00fd im zabra\u0148uje l\u00e1ma\u0165 sa. S\u00fa 100% recyklovate\u013en\u00e9. Objem : 180cc Farby : biele, tmavozelen\u00e9,modr\u00e9,\u017elt\u00e9,ru\u017eov\u00e9,oran\u017eov\u00e9, fialov\u00e9,stredne modr\u00e9,biele,bordov\u00e9,svetlozelen\u00e9\" \/>\n<meta property=\"og:url\" content=\"https:\/\/www.vivamedical.sk\/?page_id=155\" \/>\n<meta property=\"og:site_name\" content=\"Viva Medical s. r. o.\" \/>\n<meta property=\"article:modified_time\" content=\"2020-03-09T19:21:12+00:00\" \/>\n<meta property=\"og:image\" content=\"https:\/\/www.vivamedical.sk\/wp-content\/uploads\/2020\/03\/poh\u00e1r.jpg\" \/>\n<meta name=\"twitter:card\" content=\"summary_large_image\" \/>\n<script type=\"application\/ld+json\" class=\"yoast-schema-graph\">{\"@context\":\"https:\/\/schema.org\",\"@graph\":[{\"@type\":\"WebPage\",\"@id\":\"https:\/\/www.vivamedical.sk\/?page_id=155\",\"url\":\"https:\/\/www.vivamedical.sk\/?page_id=155\",\"name\":\"Jednorazov\u00e9 poh\u00e1re - Viva Medical s. r. o.\",\"isPartOf\":{\"@id\":\"https:\/\/www.vivamedical.sk\/#website\"},\"datePublished\":\"2020-03-09T19:21:11+00:00\",\"dateModified\":\"2020-03-09T19:21:12+00:00\",\"breadcrumb\":{\"@id\":\"https:\/\/www.vivamedical.sk\/?page_id=155#breadcrumb\"},\"inLanguage\":\"sk-SK\",\"potentialAction\":[{\"@type\":\"ReadAction\",\"target\":[\"https:\/\/www.vivamedical.sk\/?page_id=155\"]}]},{\"@type\":\"BreadcrumbList\",\"@id\":\"https:\/\/www.vivamedical.sk\/?page_id=155#breadcrumb\",\"itemListElement\":[{\"@type\":\"ListItem\",\"position\":1,\"name\":\"Home\",\"item\":\"https:\/\/www.vivamedical.sk\/\"},{\"@type\":\"ListItem\",\"position\":2,\"name\":\"Medical\",\"item\":\"https:\/\/www.vivamedical.sk\/?page_id=125\"},{\"@type\":\"ListItem\",\"position\":3,\"name\":\"Jednorazov\u00e9 poh\u00e1re\"}]},{\"@type\":\"WebSite\",\"@id\":\"https:\/\/www.vivamedical.sk\/#website\",\"url\":\"https:\/\/www.vivamedical.sk\/\",\"name\":\"Viva Medical s. r. o.\",\"description\":\"Zdravotn\u00edcke z\u00e1sobovanie\",\"potentialAction\":[{\"@type\":\"SearchAction\",\"target\":{\"@type\":\"EntryPoint\",\"urlTemplate\":\"https:\/\/www.vivamedical.sk\/?s={search_term_string}\"},\"query-input\":\"required name=search_term_string\"}],\"inLanguage\":\"sk-SK\"}]}<\/script>\n<!-- \/ Yoast SEO plugin. -->","yoast_head_json":{"title":"Jednorazov\u00e9 poh\u00e1re - Viva Medical s. r. o.","robots":{"index":"index","follow":"follow","max-snippet":"max-snippet:-1","max-image-preview":"max-image-preview:large","max-video-preview":"max-video-preview:-1"},"canonical":"https:\/\/www.vivamedical.sk\/?page_id=155","og_locale":"sk_SK","og_type":"article","og_title":"Jednorazov\u00e9 poh\u00e1re - Viva Medical s. r. o.","og_description":"Jednorazov\u00e9 poh\u00e1re Jednorazov\u00e9 poh\u00e1re s\u00fa vyroben\u00e9 z polypropyl\u00e9nu, ktor\u00fd im zabra\u0148uje l\u00e1ma\u0165 sa. S\u00fa 100% recyklovate\u013en\u00e9. Objem : 180cc Farby : biele, tmavozelen\u00e9,modr\u00e9,\u017elt\u00e9,ru\u017eov\u00e9,oran\u017eov\u00e9, fialov\u00e9,stredne modr\u00e9,biele,bordov\u00e9,svetlozelen\u00e9","og_url":"https:\/\/www.vivamedical.sk\/?page_id=155","og_site_name":"Viva Medical s. r. o.","article_modified_time":"2020-03-09T19:21:12+00:00","og_image":[{"url":"https:\/\/www.vivamedical.sk\/wp-content\/uploads\/2020\/03\/poh\u00e1r.jpg"}],"twitter_card":"summary_large_image","schema":{"@context":"https:\/\/schema.org","@graph":[{"@type":"WebPage","@id":"https:\/\/www.vivamedical.sk\/?page_id=155","url":"https:\/\/www.vivamedical.sk\/?page_id=155","name":"Jednorazov\u00e9 poh\u00e1re - Viva Medical s. r. o.","isPartOf":{"@id":"https:\/\/www.vivamedical.sk\/#website"},"datePublished":"2020-03-09T19:21:11+00:00","dateModified":"2020-03-09T19:21:12+00:00","breadcrumb":{"@id":"https:\/\/www.vivamedical.sk\/?page_id=155#breadcrumb"},"inLanguage":"sk-SK","potentialAction":[{"@type":"ReadAction","target":["https:\/\/www.vivamedical.sk\/?page_id=155"]}]},{"@type":"BreadcrumbList","@id":"https:\/\/www.vivamedical.sk\/?page_id=155#breadcrumb","itemListElement":[{"@type":"ListItem","position":1,"name":"Home","item":"https:\/\/www.vivamedical.sk\/"},{"@type":"ListItem","position":2,"name":"Medical","item":"https:\/\/www.vivamedical.sk\/?page_id=125"},{"@type":"ListItem","position":3,"name":"Jednorazov\u00e9 poh\u00e1re"}]},{"@type":"WebSite","@id":"https:\/\/www.vivamedical.sk\/#website","url":"https:\/\/www.vivamedical.sk\/","name":"Viva Medical s. r. o.","description":"Zdravotn\u00edcke z\u00e1sobovanie","potentialAction":[{"@type":"SearchAction","target":{"@type":"EntryPoint","urlTemplate":"https:\/\/www.vivamedical.sk\/?s={search_term_string}"},"query-input":"required name=search_term_string"}],"inLanguage":"sk-SK"}]}},"_links":{"self":[{"href":"https:\/\/www.vivamedical.sk\/index.php?rest_route=\/wp\/v2\/pages\/155"}],"collection":[{"href":"https:\/\/www.vivamedical.sk\/index.php?rest_route=\/wp\/v2\/pages"}],"about":[{"href":"https:\/\/www.vivamedical.sk\/index.php?rest_route=\/wp\/v2\/types\/page"}],"author":[{"embeddable":true,"href":"https:\/\/www.vivamedical.sk\/index.php?rest_route=\/wp\/v2\/users\/1"}],"replies":[{"embeddable":true,"href":"https:\/\/www.vivamedical.sk\/index.php?rest_route=%2Fwp%2Fv2%2Fcomments&post=155"}],"version-history":[{"count":1,"href":"https:\/\/www.vivamedical.sk\/index.php?rest_route=\/wp\/v2\/pages\/155\/revisions"}],"predecessor-version":[{"id":157,"href":"https:\/\/www.vivamedical.sk\/index.php?rest_route=\/wp\/v2\/pages\/155\/revisions\/157"}],"up":[{"embeddable":true,"href":"https:\/\/www.vivamedical.sk\/index.php?rest_route=\/wp\/v2\/pages\/125"}],"wp:attachment":[{"href":"https:\/\/www.vivamedical.sk\/index.php?rest_route=%2Fwp%2Fv2%2Fmedia&parent=155"}],"curies":[{"name":"wp","href":"https:\/\/api.w.org\/{rel}","templated":true}]}}