{"id":176,"date":"2020-03-09T20:36:38","date_gmt":"2020-03-09T19:36:38","guid":{"rendered":"https:\/\/www.vivamedical.sk\/?page_id=176"},"modified":"2020-03-09T20:36:39","modified_gmt":"2020-03-09T19:36:39","slug":"ochranna-vrstva","status":"publish","type":"page","link":"https:\/\/www.vivamedical.sk\/?page_id=176","title":{"rendered":"Ochrann\u00e1 vrstva"},"content":{"rendered":"\n<div class=\"wp-block-media-text alignwide is-vertically-aligned-top\"><figure class=\"wp-block-media-text__media\"><img loading=\"lazy\" decoding=\"async\" width=\"707\" height=\"596\" src=\"https:\/\/www.vivamedical.sk\/wp-content\/uploads\/2020\/03\/vrstva.jpg\" alt=\"\" class=\"wp-image-177\" srcset=\"https:\/\/www.vivamedical.sk\/wp-content\/uploads\/2020\/03\/vrstva.jpg 707w, https:\/\/www.vivamedical.sk\/wp-content\/uploads\/2020\/03\/vrstva-300x253.jpg 300w, https:\/\/www.vivamedical.sk\/wp-content\/uploads\/2020\/03\/vrstva-1x1.jpg 1w\" sizes=\"(max-width: 707px) 100vw, 707px\" \/><\/figure><div class=\"wp-block-media-text__content\">\n<p style=\"font-size:22px\"><strong>Ochrann\u00e1 vrstva<\/strong><\/p>\n\n\n\n<p>Ochrann\u00e1 vrstva &#8211; ochrann\u00e1 pri\u013enav\u00e1 vrstva, je odtrh\u00e1vac\u00ed valec s 1200 kusmi dod\u00e1van\u00fd v praktickom d\u00e1vkova\u010di, je ide\u00e1lny na ochranu povrchu a nezanech\u00e1va \u017eiadne zvy\u0161ky po odstr\u00e1nen\u00ed.<\/p>\n\n\n\n<p><strong>Rozmery : <\/strong>10x15cm<\/p>\n\n\n\n<p><strong>Farba :<\/strong> modr\u00e9<\/p>\n<\/div><\/div>\n","protected":false},"excerpt":{"rendered":"<p>Ochrann\u00e1 vrstva Ochrann\u00e1 vrstva &#8211; ochrann\u00e1 pri\u013enav\u00e1 vrstva, je odtrh\u00e1vac\u00ed valec s 1200 kusmi dod\u00e1van\u00fd v praktickom d\u00e1vkova\u010di, je ide\u00e1lny na ochranu povrchu a nezanech\u00e1va \u017eiadne zvy\u0161ky po odstr\u00e1nen\u00ed. Rozmery : 10x15cm Farba : modr\u00e9<\/p>\n","protected":false},"author":1,"featured_media":0,"parent":125,"menu_order":0,"comment_status":"closed","ping_status":"closed","template":"page-templates\/full-width.php","meta":{"_monsterinsights_skip_tracking":false,"_monsterinsights_sitenote_active":false,"_monsterinsights_sitenote_note":"","_monsterinsights_sitenote_category":0,"footnotes":""},"yoast_head":"<!-- This site is optimized with the Yoast SEO plugin v22.3 - https:\/\/yoast.com\/wordpress\/plugins\/seo\/ -->\n<title>Ochrann\u00e1 vrstva - Viva Medical s. r. o.<\/title>\n<meta name=\"robots\" content=\"index, follow, max-snippet:-1, max-image-preview:large, max-video-preview:-1\" \/>\n<link rel=\"canonical\" href=\"https:\/\/www.vivamedical.sk\/?page_id=176\" \/>\n<meta property=\"og:locale\" content=\"sk_SK\" \/>\n<meta property=\"og:type\" content=\"article\" \/>\n<meta property=\"og:title\" content=\"Ochrann\u00e1 vrstva - Viva Medical s. r. o.\" \/>\n<meta property=\"og:description\" content=\"Ochrann\u00e1 vrstva Ochrann\u00e1 vrstva &#8211; ochrann\u00e1 pri\u013enav\u00e1 vrstva, je odtrh\u00e1vac\u00ed valec s 1200 kusmi dod\u00e1van\u00fd v praktickom d\u00e1vkova\u010di, je ide\u00e1lny na ochranu povrchu a nezanech\u00e1va \u017eiadne zvy\u0161ky po odstr\u00e1nen\u00ed. Rozmery : 10x15cm Farba : modr\u00e9\" \/>\n<meta property=\"og:url\" content=\"https:\/\/www.vivamedical.sk\/?page_id=176\" \/>\n<meta property=\"og:site_name\" content=\"Viva Medical s. r. o.\" \/>\n<meta property=\"article:modified_time\" content=\"2020-03-09T19:36:39+00:00\" \/>\n<meta property=\"og:image\" content=\"https:\/\/www.vivamedical.sk\/wp-content\/uploads\/2020\/03\/vrstva.jpg\" \/>\n<meta name=\"twitter:card\" content=\"summary_large_image\" \/>\n<script type=\"application\/ld+json\" class=\"yoast-schema-graph\">{\"@context\":\"https:\/\/schema.org\",\"@graph\":[{\"@type\":\"WebPage\",\"@id\":\"https:\/\/www.vivamedical.sk\/?page_id=176\",\"url\":\"https:\/\/www.vivamedical.sk\/?page_id=176\",\"name\":\"Ochrann\u00e1 vrstva - Viva Medical s. r. o.\",\"isPartOf\":{\"@id\":\"https:\/\/www.vivamedical.sk\/#website\"},\"primaryImageOfPage\":{\"@id\":\"https:\/\/www.vivamedical.sk\/?page_id=176#primaryimage\"},\"image\":{\"@id\":\"https:\/\/www.vivamedical.sk\/?page_id=176#primaryimage\"},\"thumbnailUrl\":\"https:\/\/www.vivamedical.sk\/wp-content\/uploads\/2020\/03\/vrstva.jpg\",\"datePublished\":\"2020-03-09T19:36:38+00:00\",\"dateModified\":\"2020-03-09T19:36:39+00:00\",\"breadcrumb\":{\"@id\":\"https:\/\/www.vivamedical.sk\/?page_id=176#breadcrumb\"},\"inLanguage\":\"sk-SK\",\"potentialAction\":[{\"@type\":\"ReadAction\",\"target\":[\"https:\/\/www.vivamedical.sk\/?page_id=176\"]}]},{\"@type\":\"ImageObject\",\"inLanguage\":\"sk-SK\",\"@id\":\"https:\/\/www.vivamedical.sk\/?page_id=176#primaryimage\",\"url\":\"https:\/\/www.vivamedical.sk\/wp-content\/uploads\/2020\/03\/vrstva.jpg\",\"contentUrl\":\"https:\/\/www.vivamedical.sk\/wp-content\/uploads\/2020\/03\/vrstva.jpg\",\"width\":707,\"height\":596},{\"@type\":\"BreadcrumbList\",\"@id\":\"https:\/\/www.vivamedical.sk\/?page_id=176#breadcrumb\",\"itemListElement\":[{\"@type\":\"ListItem\",\"position\":1,\"name\":\"Home\",\"item\":\"https:\/\/www.vivamedical.sk\/\"},{\"@type\":\"ListItem\",\"position\":2,\"name\":\"Medical\",\"item\":\"https:\/\/www.vivamedical.sk\/?page_id=125\"},{\"@type\":\"ListItem\",\"position\":3,\"name\":\"Ochrann\u00e1 vrstva\"}]},{\"@type\":\"WebSite\",\"@id\":\"https:\/\/www.vivamedical.sk\/#website\",\"url\":\"https:\/\/www.vivamedical.sk\/\",\"name\":\"Viva Medical s. r. o.\",\"description\":\"Zdravotn\u00edcke z\u00e1sobovanie\",\"potentialAction\":[{\"@type\":\"SearchAction\",\"target\":{\"@type\":\"EntryPoint\",\"urlTemplate\":\"https:\/\/www.vivamedical.sk\/?s={search_term_string}\"},\"query-input\":\"required name=search_term_string\"}],\"inLanguage\":\"sk-SK\"}]}<\/script>\n<!-- \/ Yoast SEO plugin. -->","yoast_head_json":{"title":"Ochrann\u00e1 vrstva - Viva Medical s. r. o.","robots":{"index":"index","follow":"follow","max-snippet":"max-snippet:-1","max-image-preview":"max-image-preview:large","max-video-preview":"max-video-preview:-1"},"canonical":"https:\/\/www.vivamedical.sk\/?page_id=176","og_locale":"sk_SK","og_type":"article","og_title":"Ochrann\u00e1 vrstva - Viva Medical s. r. o.","og_description":"Ochrann\u00e1 vrstva Ochrann\u00e1 vrstva &#8211; ochrann\u00e1 pri\u013enav\u00e1 vrstva, je odtrh\u00e1vac\u00ed valec s 1200 kusmi dod\u00e1van\u00fd v praktickom d\u00e1vkova\u010di, je ide\u00e1lny na ochranu povrchu a nezanech\u00e1va \u017eiadne zvy\u0161ky po odstr\u00e1nen\u00ed. Rozmery : 10x15cm Farba : modr\u00e9","og_url":"https:\/\/www.vivamedical.sk\/?page_id=176","og_site_name":"Viva Medical s. r. o.","article_modified_time":"2020-03-09T19:36:39+00:00","og_image":[{"url":"https:\/\/www.vivamedical.sk\/wp-content\/uploads\/2020\/03\/vrstva.jpg"}],"twitter_card":"summary_large_image","schema":{"@context":"https:\/\/schema.org","@graph":[{"@type":"WebPage","@id":"https:\/\/www.vivamedical.sk\/?page_id=176","url":"https:\/\/www.vivamedical.sk\/?page_id=176","name":"Ochrann\u00e1 vrstva - Viva Medical s. r. o.","isPartOf":{"@id":"https:\/\/www.vivamedical.sk\/#website"},"primaryImageOfPage":{"@id":"https:\/\/www.vivamedical.sk\/?page_id=176#primaryimage"},"image":{"@id":"https:\/\/www.vivamedical.sk\/?page_id=176#primaryimage"},"thumbnailUrl":"https:\/\/www.vivamedical.sk\/wp-content\/uploads\/2020\/03\/vrstva.jpg","datePublished":"2020-03-09T19:36:38+00:00","dateModified":"2020-03-09T19:36:39+00:00","breadcrumb":{"@id":"https:\/\/www.vivamedical.sk\/?page_id=176#breadcrumb"},"inLanguage":"sk-SK","potentialAction":[{"@type":"ReadAction","target":["https:\/\/www.vivamedical.sk\/?page_id=176"]}]},{"@type":"ImageObject","inLanguage":"sk-SK","@id":"https:\/\/www.vivamedical.sk\/?page_id=176#primaryimage","url":"https:\/\/www.vivamedical.sk\/wp-content\/uploads\/2020\/03\/vrstva.jpg","contentUrl":"https:\/\/www.vivamedical.sk\/wp-content\/uploads\/2020\/03\/vrstva.jpg","width":707,"height":596},{"@type":"BreadcrumbList","@id":"https:\/\/www.vivamedical.sk\/?page_id=176#breadcrumb","itemListElement":[{"@type":"ListItem","position":1,"name":"Home","item":"https:\/\/www.vivamedical.sk\/"},{"@type":"ListItem","position":2,"name":"Medical","item":"https:\/\/www.vivamedical.sk\/?page_id=125"},{"@type":"ListItem","position":3,"name":"Ochrann\u00e1 vrstva"}]},{"@type":"WebSite","@id":"https:\/\/www.vivamedical.sk\/#website","url":"https:\/\/www.vivamedical.sk\/","name":"Viva Medical s. r. o.","description":"Zdravotn\u00edcke z\u00e1sobovanie","potentialAction":[{"@type":"SearchAction","target":{"@type":"EntryPoint","urlTemplate":"https:\/\/www.vivamedical.sk\/?s={search_term_string}"},"query-input":"required name=search_term_string"}],"inLanguage":"sk-SK"}]}},"_links":{"self":[{"href":"https:\/\/www.vivamedical.sk\/index.php?rest_route=\/wp\/v2\/pages\/176"}],"collection":[{"href":"https:\/\/www.vivamedical.sk\/index.php?rest_route=\/wp\/v2\/pages"}],"about":[{"href":"https:\/\/www.vivamedical.sk\/index.php?rest_route=\/wp\/v2\/types\/page"}],"author":[{"embeddable":true,"href":"https:\/\/www.vivamedical.sk\/index.php?rest_route=\/wp\/v2\/users\/1"}],"replies":[{"embeddable":true,"href":"https:\/\/www.vivamedical.sk\/index.php?rest_route=%2Fwp%2Fv2%2Fcomments&post=176"}],"version-history":[{"count":1,"href":"https:\/\/www.vivamedical.sk\/index.php?rest_route=\/wp\/v2\/pages\/176\/revisions"}],"predecessor-version":[{"id":178,"href":"https:\/\/www.vivamedical.sk\/index.php?rest_route=\/wp\/v2\/pages\/176\/revisions\/178"}],"up":[{"embeddable":true,"href":"https:\/\/www.vivamedical.sk\/index.php?rest_route=\/wp\/v2\/pages\/125"}],"wp:attachment":[{"href":"https:\/\/www.vivamedical.sk\/index.php?rest_route=%2Fwp%2Fv2%2Fmedia&parent=176"}],"curies":[{"name":"wp","href":"https:\/\/api.w.org\/{rel}","templated":true}]}}