{"id":197,"date":"2020-03-09T20:59:36","date_gmt":"2020-03-09T19:59:36","guid":{"rendered":"https:\/\/www.vivamedical.sk\/?page_id=197"},"modified":"2020-03-09T20:59:37","modified_gmt":"2020-03-09T19:59:37","slug":"potahy-na-topanky","status":"publish","type":"page","link":"https:\/\/www.vivamedical.sk\/?page_id=197","title":{"rendered":"Po\u0165ahy na top\u00e1nky"},"content":{"rendered":"\n<div class=\"wp-block-media-text alignwide is-vertically-aligned-top\"><figure class=\"wp-block-media-text__media\"><img loading=\"lazy\" decoding=\"async\" width=\"472\" height=\"647\" src=\"https:\/\/www.vivamedical.sk\/wp-content\/uploads\/2020\/03\/top\u00e1nky3.jpg\" alt=\"\" class=\"wp-image-198\" srcset=\"https:\/\/www.vivamedical.sk\/wp-content\/uploads\/2020\/03\/top\u00e1nky3.jpg 472w, https:\/\/www.vivamedical.sk\/wp-content\/uploads\/2020\/03\/top\u00e1nky3-219x300.jpg 219w, https:\/\/www.vivamedical.sk\/wp-content\/uploads\/2020\/03\/top\u00e1nky3-1x1.jpg 1w\" sizes=\"(max-width: 472px) 100vw, 472px\" \/><\/figure><div class=\"wp-block-media-text__content\">\n<p style=\"font-size:22px\"><strong>Po\u0165ahy na top\u00e1nky<\/strong><\/p>\n\n\n\n<p>s\u00fa jednorazov\u00e9 po\u0165ahy na top\u00e1nky vyroben\u00e9 z PE a TNT. S\u00fa k dispoz\u00edcii v jednej ve\u013ekosti, s elastick\u00fdm \u010dlenkom, ktor\u00fd sa \u013eahko prisp\u00f4sob\u00ed akejko\u013evek ve\u013ekosti n\u00f4h a pohodlne sa nos\u00ed po mnoho hod\u00edn. Napriek tomu, \u017ee s\u00fa jednorazov\u00e9 po\u0165ahy na top\u00e1nky odoln\u00e9 a vodeodoln\u00e9, nie s\u00fa siln\u00e9 a \u013eahk\u00e9, ide\u00e1lne pre pacientov aj pre oper\u00e1torov. <\/p>\n\n\n\n<p>Po\u0165ahy na top\u00e1nky PE &#8211; svetlo modr\u00e9<\/p>\n\n\n\n<p>Po\u0165ahy na top\u00e1nky TNT &#8211; zelen\u00e9<\/p>\n<\/div><\/div>\n","protected":false},"excerpt":{"rendered":"<p>Po\u0165ahy na top\u00e1nky s\u00fa jednorazov\u00e9 po\u0165ahy na top\u00e1nky vyroben\u00e9 z PE a TNT. S\u00fa k dispoz\u00edcii v jednej ve\u013ekosti, s elastick\u00fdm \u010dlenkom, ktor\u00fd sa \u013eahko prisp\u00f4sob\u00ed akejko\u013evek ve\u013ekosti n\u00f4h a pohodlne sa nos\u00ed po mnoho hod\u00edn. Napriek tomu, \u017ee s\u00fa jednorazov\u00e9 po\u0165ahy na top\u00e1nky odoln\u00e9 a vodeodoln\u00e9, nie s\u00fa siln\u00e9 a \u013eahk\u00e9, ide\u00e1lne pre pacientov [&hellip;]<\/p>\n","protected":false},"author":1,"featured_media":0,"parent":182,"menu_order":0,"comment_status":"closed","ping_status":"closed","template":"page-templates\/full-width.php","meta":{"_monsterinsights_skip_tracking":false,"_monsterinsights_sitenote_active":false,"_monsterinsights_sitenote_note":"","_monsterinsights_sitenote_category":0,"footnotes":""},"yoast_head":"<!-- This site is optimized with the Yoast SEO plugin v22.3 - https:\/\/yoast.com\/wordpress\/plugins\/seo\/ -->\n<title>Po\u0165ahy na top\u00e1nky - Viva Medical s. r. o.<\/title>\n<meta name=\"robots\" content=\"index, follow, max-snippet:-1, max-image-preview:large, max-video-preview:-1\" \/>\n<link rel=\"canonical\" href=\"https:\/\/www.vivamedical.sk\/?page_id=197\" \/>\n<meta property=\"og:locale\" content=\"sk_SK\" \/>\n<meta property=\"og:type\" content=\"article\" \/>\n<meta property=\"og:title\" content=\"Po\u0165ahy na top\u00e1nky - Viva Medical s. r. o.\" \/>\n<meta property=\"og:description\" content=\"Po\u0165ahy na top\u00e1nky s\u00fa jednorazov\u00e9 po\u0165ahy na top\u00e1nky vyroben\u00e9 z PE a TNT. S\u00fa k dispoz\u00edcii v jednej ve\u013ekosti, s elastick\u00fdm \u010dlenkom, ktor\u00fd sa \u013eahko prisp\u00f4sob\u00ed akejko\u013evek ve\u013ekosti n\u00f4h a pohodlne sa nos\u00ed po mnoho hod\u00edn. Napriek tomu, \u017ee s\u00fa jednorazov\u00e9 po\u0165ahy na top\u00e1nky odoln\u00e9 a vodeodoln\u00e9, nie s\u00fa siln\u00e9 a \u013eahk\u00e9, ide\u00e1lne pre pacientov [&hellip;]\" \/>\n<meta property=\"og:url\" content=\"https:\/\/www.vivamedical.sk\/?page_id=197\" \/>\n<meta property=\"og:site_name\" content=\"Viva Medical s. r. o.\" \/>\n<meta property=\"article:modified_time\" content=\"2020-03-09T19:59:37+00:00\" \/>\n<meta property=\"og:image\" content=\"https:\/\/www.vivamedical.sk\/wp-content\/uploads\/2020\/03\/top\u00e1nky3.jpg\" \/>\n<meta name=\"twitter:card\" content=\"summary_large_image\" \/>\n<script type=\"application\/ld+json\" class=\"yoast-schema-graph\">{\"@context\":\"https:\/\/schema.org\",\"@graph\":[{\"@type\":\"WebPage\",\"@id\":\"https:\/\/www.vivamedical.sk\/?page_id=197\",\"url\":\"https:\/\/www.vivamedical.sk\/?page_id=197\",\"name\":\"Po\u0165ahy na top\u00e1nky - Viva Medical s. r. o.\",\"isPartOf\":{\"@id\":\"https:\/\/www.vivamedical.sk\/#website\"},\"datePublished\":\"2020-03-09T19:59:36+00:00\",\"dateModified\":\"2020-03-09T19:59:37+00:00\",\"breadcrumb\":{\"@id\":\"https:\/\/www.vivamedical.sk\/?page_id=197#breadcrumb\"},\"inLanguage\":\"sk-SK\",\"potentialAction\":[{\"@type\":\"ReadAction\",\"target\":[\"https:\/\/www.vivamedical.sk\/?page_id=197\"]}]},{\"@type\":\"BreadcrumbList\",\"@id\":\"https:\/\/www.vivamedical.sk\/?page_id=197#breadcrumb\",\"itemListElement\":[{\"@type\":\"ListItem\",\"position\":1,\"name\":\"Home\",\"item\":\"https:\/\/www.vivamedical.sk\/\"},{\"@type\":\"ListItem\",\"position\":2,\"name\":\"Hygiena\",\"item\":\"https:\/\/www.vivamedical.sk\/?page_id=182\"},{\"@type\":\"ListItem\",\"position\":3,\"name\":\"Po\u0165ahy na top\u00e1nky\"}]},{\"@type\":\"WebSite\",\"@id\":\"https:\/\/www.vivamedical.sk\/#website\",\"url\":\"https:\/\/www.vivamedical.sk\/\",\"name\":\"Viva Medical s. r. o.\",\"description\":\"Zdravotn\u00edcke z\u00e1sobovanie\",\"potentialAction\":[{\"@type\":\"SearchAction\",\"target\":{\"@type\":\"EntryPoint\",\"urlTemplate\":\"https:\/\/www.vivamedical.sk\/?s={search_term_string}\"},\"query-input\":\"required name=search_term_string\"}],\"inLanguage\":\"sk-SK\"}]}<\/script>\n<!-- \/ Yoast SEO plugin. -->","yoast_head_json":{"title":"Po\u0165ahy na top\u00e1nky - Viva Medical s. r. o.","robots":{"index":"index","follow":"follow","max-snippet":"max-snippet:-1","max-image-preview":"max-image-preview:large","max-video-preview":"max-video-preview:-1"},"canonical":"https:\/\/www.vivamedical.sk\/?page_id=197","og_locale":"sk_SK","og_type":"article","og_title":"Po\u0165ahy na top\u00e1nky - Viva Medical s. r. o.","og_description":"Po\u0165ahy na top\u00e1nky s\u00fa jednorazov\u00e9 po\u0165ahy na top\u00e1nky vyroben\u00e9 z PE a TNT. S\u00fa k dispoz\u00edcii v jednej ve\u013ekosti, s elastick\u00fdm \u010dlenkom, ktor\u00fd sa \u013eahko prisp\u00f4sob\u00ed akejko\u013evek ve\u013ekosti n\u00f4h a pohodlne sa nos\u00ed po mnoho hod\u00edn. Napriek tomu, \u017ee s\u00fa jednorazov\u00e9 po\u0165ahy na top\u00e1nky odoln\u00e9 a vodeodoln\u00e9, nie s\u00fa siln\u00e9 a \u013eahk\u00e9, ide\u00e1lne pre pacientov [&hellip;]","og_url":"https:\/\/www.vivamedical.sk\/?page_id=197","og_site_name":"Viva Medical s. r. o.","article_modified_time":"2020-03-09T19:59:37+00:00","og_image":[{"url":"https:\/\/www.vivamedical.sk\/wp-content\/uploads\/2020\/03\/top\u00e1nky3.jpg"}],"twitter_card":"summary_large_image","schema":{"@context":"https:\/\/schema.org","@graph":[{"@type":"WebPage","@id":"https:\/\/www.vivamedical.sk\/?page_id=197","url":"https:\/\/www.vivamedical.sk\/?page_id=197","name":"Po\u0165ahy na top\u00e1nky - Viva Medical s. r. o.","isPartOf":{"@id":"https:\/\/www.vivamedical.sk\/#website"},"datePublished":"2020-03-09T19:59:36+00:00","dateModified":"2020-03-09T19:59:37+00:00","breadcrumb":{"@id":"https:\/\/www.vivamedical.sk\/?page_id=197#breadcrumb"},"inLanguage":"sk-SK","potentialAction":[{"@type":"ReadAction","target":["https:\/\/www.vivamedical.sk\/?page_id=197"]}]},{"@type":"BreadcrumbList","@id":"https:\/\/www.vivamedical.sk\/?page_id=197#breadcrumb","itemListElement":[{"@type":"ListItem","position":1,"name":"Home","item":"https:\/\/www.vivamedical.sk\/"},{"@type":"ListItem","position":2,"name":"Hygiena","item":"https:\/\/www.vivamedical.sk\/?page_id=182"},{"@type":"ListItem","position":3,"name":"Po\u0165ahy na top\u00e1nky"}]},{"@type":"WebSite","@id":"https:\/\/www.vivamedical.sk\/#website","url":"https:\/\/www.vivamedical.sk\/","name":"Viva Medical s. r. o.","description":"Zdravotn\u00edcke z\u00e1sobovanie","potentialAction":[{"@type":"SearchAction","target":{"@type":"EntryPoint","urlTemplate":"https:\/\/www.vivamedical.sk\/?s={search_term_string}"},"query-input":"required name=search_term_string"}],"inLanguage":"sk-SK"}]}},"_links":{"self":[{"href":"https:\/\/www.vivamedical.sk\/index.php?rest_route=\/wp\/v2\/pages\/197"}],"collection":[{"href":"https:\/\/www.vivamedical.sk\/index.php?rest_route=\/wp\/v2\/pages"}],"about":[{"href":"https:\/\/www.vivamedical.sk\/index.php?rest_route=\/wp\/v2\/types\/page"}],"author":[{"embeddable":true,"href":"https:\/\/www.vivamedical.sk\/index.php?rest_route=\/wp\/v2\/users\/1"}],"replies":[{"embeddable":true,"href":"https:\/\/www.vivamedical.sk\/index.php?rest_route=%2Fwp%2Fv2%2Fcomments&post=197"}],"version-history":[{"count":1,"href":"https:\/\/www.vivamedical.sk\/index.php?rest_route=\/wp\/v2\/pages\/197\/revisions"}],"predecessor-version":[{"id":199,"href":"https:\/\/www.vivamedical.sk\/index.php?rest_route=\/wp\/v2\/pages\/197\/revisions\/199"}],"up":[{"embeddable":true,"href":"https:\/\/www.vivamedical.sk\/index.php?rest_route=\/wp\/v2\/pages\/182"}],"wp:attachment":[{"href":"https:\/\/www.vivamedical.sk\/index.php?rest_route=%2Fwp%2Fv2%2Fmedia&parent=197"}],"curies":[{"name":"wp","href":"https:\/\/api.w.org\/{rel}","templated":true}]}}